{"id":32,"date":"2012-11-19T22:36:57","date_gmt":"2012-11-19T21:36:57","guid":{"rendered":"http:\/\/www.kuchnia6c.pl\/?page_id=32"},"modified":"2013-01-13T22:15:17","modified_gmt":"2013-01-13T21:15:17","slug":"lokalizacja","status":"publish","type":"page","link":"http:\/\/www.kuchnia6c.pl\/?page_id=32","title":{"rendered":"LOKALIZACJA"},"content":{"rendered":"<p><center><iframe loading=\"lazy\" src=\"http:\/\/mapy.google.pl\/maps?f=q&amp;source=embed&amp;hl=pl&amp;geocode=&amp;q=Organowa+6c,+Lublin&amp;aq=&amp;sll=52.24755,21.193789&amp;sspn=5.624709,9.876709&amp;ie=UTF8&amp;hq=&amp;hnear=Organowa+6,+Lublin,+lubelskie&amp;t=m&amp;ll=51.25845,22.558107&amp;spn=0.016114,0.030041&amp;z=15&amp;iwloc=A&amp;output=embed\" height=\"600\" width=\"700\" frameborder=\"0\" marginwidth=\"0\" marginheight=\"0\" scrolling=\"no\"><\/iframe><br \/>\n<small><a style=\"color: #0000ff; text-align: left;\" href=\"http:\/\/mapy.google.pl\/maps?f=q&amp;source=embed&amp;hl=pl&amp;geocode=&amp;q=Organowa+6c,+Lublin&amp;aq=&amp;sll=52.24755,21.193789&amp;sspn=5.624709,9.876709&amp;ie=UTF8&amp;hq=&amp;hnear=Organowa+6,+Lublin,+lubelskie&amp;t=m&amp;ll=51.25845,22.558107&amp;spn=0.016114,0.030041&amp;z=15&amp;iwloc=A\">Wy\u015bwietl wi\u0119ksz\u0105 map\u0119<\/a><\/small><\/center><\/p>\n","protected":false},"excerpt":{"rendered":"<p>Wy\u015bwietl wi\u0119ksz\u0105 map\u0119<\/p>\n","protected":false},"author":2,"featured_media":0,"parent":0,"menu_order":1,"comment_status":"closed","ping_status":"open","template":"","meta":{"footnotes":""},"class_list":["post-32","page","type-page","status-publish","hentry"],"_links":{"self":[{"href":"http:\/\/www.kuchnia6c.pl\/index.php?rest_route=\/wp\/v2\/pages\/32","targetHints":{"allow":["GET"]}}],"collection":[{"href":"http:\/\/www.kuchnia6c.pl\/index.php?rest_route=\/wp\/v2\/pages"}],"about":[{"href":"http:\/\/www.kuchnia6c.pl\/index.php?rest_route=\/wp\/v2\/types\/page"}],"author":[{"embeddable":true,"href":"http:\/\/www.kuchnia6c.pl\/index.php?rest_route=\/wp\/v2\/users\/2"}],"replies":[{"embeddable":true,"href":"http:\/\/www.kuchnia6c.pl\/index.php?rest_route=%2Fwp%2Fv2%2Fcomments&post=32"}],"version-history":[{"count":18,"href":"http:\/\/www.kuchnia6c.pl\/index.php?rest_route=\/wp\/v2\/pages\/32\/revisions"}],"predecessor-version":[{"id":153,"href":"http:\/\/www.kuchnia6c.pl\/index.php?rest_route=\/wp\/v2\/pages\/32\/revisions\/153"}],"wp:attachment":[{"href":"http:\/\/www.kuchnia6c.pl\/index.php?rest_route=%2Fwp%2Fv2%2Fmedia&parent=32"}],"curies":[{"name":"wp","href":"https:\/\/api.w.org\/{rel}","templated":true}]}}